 - 21. What is the remainder when 338 is divided by o(16)?
37
Let a(t) = 2 - 1 + 54*t**3 + 2*t**2 - 4*t**2 + 0*t**2. Calculate the remainder when a(1) is divided by 14.
11
Let d(w) be the first derivative of -8*w + 5 + 1/2*w**2. Calculate the remainder when 12 is divided by d(13).
2
Let n be 326/9 - 26/117. Suppose -2*s + 144 = 4*t - 6*s, -3*t + 2*s + 107 = 0. Calculate the remainder when t is divided by (-38)/((-9)/(n/8)).
16
Suppose -10*j + 252 = -1838. Calculate the remainder when j is divided by 49.
13
Let f = -486 - -498. What is the remainder when 238 is divided by f?
10
Suppose 4*b = 2*b + 20. Calculate the remainder when 0 - 0 - (-24 - 3) is divided by b.
7
Let b(g) = g**3 - 3*g**2 + 2*g. Let r be b(2). Let d be 1 + (-40)/(-2) + r. Let j = 30 + d. Calculate the remainder when j is divided by 26.
25
Suppose -5*z + r + 43 = 0, 49 = 5*z + 3*r - r. Let g(s) = -1082*s + 1 + 14 - s**3 + 1080*s - s**2. Calculate the remainder when g(0) is divided by z.
6
Let i = -18 - -18. Suppose i*o = -2*o + 22. Calculate the remainder when o is divided by 8.
3
Let l(x) = -9*x + 12. Let k be l(1). Suppose k*f - 7*f = -84. Calculate the remainder when 59 is divided by f.
17
Let m(t) = -t**3 - 20*t**2 - 35*t - 185. What is the remainder when m(-19) is divided by 7?
0
Suppose 10 = -3*k + 31. Let q(p) = 4*p - 8. What is the remainder when q(5) is divided by k?
5
Suppose p = b + 4*p + 4, 0 = -3*b - p + 12. Suppose -28 = -4*x + 104. Suppose o + x = w + b, -o = 3. Calculate the remainder when 99 is divided by w.
24
Let c(g) = -g**2 + 10*g - 2. Let d be c(10). What is the remainder when 43 is divided by 71/3 + d/3?
20
Let d be ((-3)/(-6))/((-3)/(-24)). Calculate the remainder when 4 is divided by (((-18)/(-4))/(-3))/((-6)/d).
0
Let g = -2 - -4. Suppose 40 = 2*v - 2*y, -g*v + 3*y = 17 - 52. Suppose 0 = 3*x + 6, 2*j + 7 - v = -2*x. Calculate the remainder when j is divided by 6.
5
Suppose 2*w - 32 = -4*b - 0*b, -60 = -4*b + 5*w. Let j(k) = 58*k**2 + 15*k + 14. Calculate the remainder when j(-1) is divided by b.
7
Let v = 23 + -11. Let p = v - -45. Suppose 0 = -5*l + 33 + p. What is the remainder when l is divided by 7?
4
Let y(r) = r**3 - 3*r**2 + 3*r. Let a be y(2). Suppose 0 = -a*j - j + 300. What is the remainder when j is divided by 26?
22
Suppose -21*i + 150 = -19*i. What is the remainder when i is divided by 19?
18
Let l(k) = -2*k**2 + 3*k + 4. Let v be l(3). Let z be (33/(-15) + 3)*v. What is the remainder when z/(-4)*(-2 + 21) is divided by 5?
4
Suppose -v + y + 12 = 0, -4*v = -9*v + 4*y + 56. Let w be 2 - (-24)/(-15) - (-56)/(-140). Suppose -i + v = -w. What is the remainder when 23 is divided by i?
7
Suppose -3*u = -4*r - 5, -u - 2*r = -5*u. Calculate the remainder when 63 is divided by (2 - 4)/(u - (-33)/39).
11
Suppose -2*y - 4*a + 66 = -38, 4*a + 34 = y. Let v = -203 + 216. Suppose -n = 4*n - l - y, -5*l + v = 2*n. What is the remainder when n is divided by 4?
1
Let j = 103 - 91. What is the remainder when (-7 - 9/(-2))*6/(-1) is divided by j?
3
Suppose 30*h - 1495 = 17*h. What is the remainder when h is divided by 30?
25
Suppose 3*s = 41 - 14. What is the remainder when (-1)/(10/790)*-1 is divided by s?
7
Let d(v) = -32*v - 17. Let n be d(-7). Suppose -4*h - 27 = -n. What is the remainder when h is divided by (-2)/4 + (-75)/(-6)?
9
Suppose -5*n - 4*h - 136 = -0*h, -3*n - 83 = h. Let k = n - -69. Calculate the remainder when k is divided by 16.
9
Suppose -61 = -5*l - 16. Suppose -5*k - n + 21 = -8, 2*k = -3*n + l. Calculate the remainder when ((-5)/4)/(9/(-108)) is divided by k.
3
Suppose 2*k + 31 = 3*s, -8 = 2*s - 3*s + 3*k. Suppose s*z = 533 + 72. Calculate the remainder when z is divided by 12.
7
Let m(z) = -z**2 + 16*z - 9. Let t be m(8). Let b = 139 - t. Calculate the remainder when b is divided by 30.
24
Suppose 25*z - 84 = 18*z. Calculate the remainder when 546 is divided by z.
6
Calculate the remainder when 109 is divided by ((-3)/(-1))/(39/767).
50
Let p = -307 - -531. Suppose -p*a + 16 = -220*a. What is the remainder when 15 is divided by a?
3
Suppose -4*y + 43 = -61. Let f be (-167 - 12/4)*-3. Suppose 9*x - 4*x - f = 0. Calculate the remainder when x is divided by y.
24
Suppose -h = -c - 1098, -188*c = 2*h - 187*c - 2190. What is the remainder when h is divided by 79?
69
Suppose o = -5*u + 4, 13*o + 34 = 17*o + 2*u. Let v(k) = -2*k**3 + 2*k**2 + k + 1. Calculate the remainder when v(-3) is divided by o.
7
Let p(k) = -k**3 - 19*k**2 + 15*k - 44. Let z be p(-20). Let d = z - 37. Calculate the remainder when 75 is divided by d.
18
What is the remainder when 581 is divided by (1/(-2))/(5/((-8030)/11))?
70
Suppose -5*l + 27 = -r, -5*r + 10*r + 30 = 4*l. What is the remainder when 8 is divided by l?
3
Suppose -5*r = -2*r - 90. Let m = 208 + -90. Calculate the remainder when m is divided by r.
28
What is the remainder when (0 + -1)/((-49)/12348) is divided by 23?
22
Let z(s) = -s - 7*s**2 - 21 + 3*s + s**3 + 4. Calculate the remainder when z(8) is divided by 11.
8
Let q(x) be the second derivative of 5*x**4/12 + 5*x**2/2 + 15*x. Calculate the remainder when 148 is divided by q(3).
48
Let u = 480 + -447. What is the remainder when u is divided by 11?
0
Suppose -5*w + 786 = 151. Let k = w + -68. Calculate the remainder when k is divided by 15.
14
Suppose 3*y + 4*t - 40 = 6, -5*y + 88 = t. Suppose 8*c - 94 = y. What is the remainder when c is divided by 8?
6
Let l be (60/4)/3*-7. Let x = l + 64. What is the remainder when 115 is divided by x?
28
Let u = 37 - 15. What is the remainder when ((-129 - -5) + -5)*26/(-39) is divided by u?
20
Let x be -36 + 2*(-2 - (-4)/8). Let z(l) = -l**3 - 2*l. Calculate the remainder when z(-3) is divided by 4/16 - (x/4 - -1).
6
Let k = -6 - -2. Suppose -5*o + 4*x + 134 = 0, 4*x = -12*o + 11*o + 46. Calculate the remainder when o is divided by (k/(-6))/(2/33).
8
Suppose 0 = -4*r - 0*r + 16. Suppose w - 30 = -r*w. What is the remainder when 17 is divided by w?
5
Suppose 4*m - 148 = -68. Let c(j) = -j**2 - j - 2. Let v be c(-2). Calculate the remainder when m is divided by ((-7)/v)/((-1)/(-4)).
6
Let m = -1954 + 1979. Calculate the remainder when 181 is divided by m.
6
Let a(d) = 17*d + 28. Suppose -3*l - 6 = -6*l, 4*l + 192 = 5*i. What is the remainder when i is divided by a(-1)?
7
Let a be (-2)/6*(-99)/(1 - -2). Suppose -4*c = -i - 5 - a, c - 1 = i. What is the remainder when 29 is divided by i?
1
Suppose -17*y = -24*y + 98. What is the remainder when (-2)/3 + 668/12 is divided by y?
13
Let a = -3920 - -3942. Let i = -11 - -8. Calculate the remainder when i*80/(-6) - 0 is divided by a.
18
Let k(z) = -z**2 + 38*z - 154. What is the remainder when 835 is divided by k(32)?
37
Suppose r + 55 - 65 = 0. What is the remainder when 15/6*14 - -1 is divided by r?
6
Let x(a) = -a**3 + 12*a**2 - 22*a + 9. Let b be x(10). Let q(y) = y**2 - 5*y - 36. Calculate the remainder when q(b) is divided by 47.
46
Let w(t) = -t**2 + 23*t - 3. Calculate the remainder when 339 is divided by w(20).
54
Let s(u) = u + 3. Calculate the remainder when (-178)/(-6) + (-22)/33 is divided by s(7).
9
Let x be (-2)/((-1)/(-21)*-3). Suppose -x*h = -4*h - 70. Calculate the remainder when 25 is divided by h.
4
Suppose 0 = -7*q + 176 - 64. Suppose 0 = -18*r + q*r + 40. Calculate the remainder when r is divided by 15.
5
Suppose -6*b = -4*b + 4. Calculate the remainder when (-393)/b*3/(18/4) is divided by 22.
21
Let l(x) = x**3 + 35*x**2 + 250*x + 9. What is the remainder when 146 is divided by l(-10)?
2
Let o = -940 + 948. Let s(c) = -c**3 + c**2 - c + 85. Let n be s(0). Let p = n + -30. Calculate the remainder when p is divided by o.
7
Suppose 0 = 4*y + 453 - 493. Calculate the remainder when 28 is divided by y.
8
Suppose 2*p + t = 4289, 6*t - 10735 = -5*p + t. What is the remainder when p is divided by 32?
30
Suppose 4*u = 16 + 32. Let o(m) = -6*m + 13. Let l(c) = -11*c + 25. Let n(v) = 3*l(v) - 7*o(v). What is the remainder when n(7) is divided by u?
11
Let w = -5 - -6. Let a(p) = 6*p**3 + 18*p**3 - p**2 + 19*p**3 + p - 11*p**3. Calculate the remainder when a(w) is divided by 9.
5
What is the remainder when ((-177)/4)/((-3)/4) is divided by 5?
4
Let l(u) = u**2 - 35*u + 292. What is the remainder when l(24) is divided by (3 + -1)*(-4)/(-1)?
4
Let n(v) = -1